te number?
False
Is 11309381 a composite number?
False
Is 113797139 a prime number?
True
Is 145051337 composite?
False
Is 173615773 a composite number?
False
Is 39231277 a composite number?
True
Is 5965433 a composite number?
True
Is 2886721 a prime number?
False
Is 12853531 prime?
True
Is 4549091 a composite number?
True
Is 26953261 a composite number?
False
Is 840817 prime?
True
Is 6936533 prime?
False
Is 236395439 a prime number?
False
Is 3077569 a prime number?
False
Is 239777 a prime number?
False
Is 656169818 prime?
False
Is 3137447 a prime number?
True
Is 884899 a prime number?
True
Is 7197293 prime?
False
Is 305393 prime?
False
Is 17915693 a prime number?
True
Is 243811573 prime?
True
Is 8565659 a prime number?
False
Is 1312181489 a composite number?
True
Is 354749 a composite number?
True
Is 103807 a composite number?
True
Is 8699 a composite number?
False
Is 1350187 composite?
False
Is 653083 a prime number?
True
Is 53748557 prime?
True
Is 888875417 prime?
True
Is 20400803 composite?
False
Is 14129391 a prime number?
False
Is 594637 a prime number?
True
Is 2621197 a composite number?
False
Is 526147 a prime number?
False
Is 11537873 composite?
False
Is 41651023 composite?
False
Is 35249839 composite?
True
Is 11905594 composite?
True
Is 550859593 a composite number?
False
Is 3437501 prime?
True
Is 1763063 a prime number?
False
Is 403597 a prime number?
False
Is 1233523 prime?
True
Is 264631187 a prime number?
True
Is 16534669 a prime number?
False
Is 252201571 prime?
False
Is 710921 a prime number?
False
Is 45582133 a composite number?
True
Is 119835449 composite?
True
Is 5237467 a composite number?
False
Is 12097898 a prime number?
False
Is 287710181 prime?
False
Is 49295153 a composite number?
False
Is 139661 a composite number?
False
Is 132010579 composite?
False
Is 6286353 composite?
True
Is 73817517 a prime number?
False
Is 1933049 prime?
True
Is 199237499 composite?
True
Is 2215834 prime?
False
Is 18869639 prime?
True
Is 10726289 a prime number?
False
Is 18150911 a composite number?
False
Is 120076945 a composite number?
True
Is 137653 a prime number?
True
Is 27668431 prime?
False
Is 52753913 a prime number?
True
Is 32686067 prime?
True
Is 2386093 prime?
False
Is 541753 composite?
True
Is 13312007 prime?
False
Is 4708157 composite?
True
Is 51451019 composite?
True
Is 19677221 prime?
True
Is 16147783 a prime number?
False
Is 891697 a prime number?
False
Is 1513481 a composite number?
True
Is 167898959 a composite number?
False
Is 4034301 a prime number?
False
Is 44618359 a prime number?
True
Is 11210201 a prime number?
True
Is 1017207781 composite?
True
Is 19187269 a prime number?
False
Is 4770097 composite?
False
Is 60241499 a prime number?
True
Is 16575241 a composite number?
False
Is 79704067 composite?
False
Is 32960443 prime?
False
Is 230102723 a prime number?
False
Is 33102397 composite?
False
Is 7672739 prime?
True
Is 929861 composite?
False
Is 628013 a composite number?
False
Is 7967847 composite?
True
Is 421197445 a composite number?
True
Is 18811315 a composite number?
True
Is 8347657 composite?
False
Is 67769049 a prime number?
False
Is 60817619 a prime number?
False
Is 17841253 composite?
False
Is 66689741 a composite number?
True
Is 1904249 a prime number?
True
Is 8474587 prime?
False
Is 83249071 a composite number?
False
Is 122799203 a composite number?
True
Is 15419347 a prime number?
False
Is 68352463 prime?
False
Is 584029 a composite number?
True
Is 331223567 composite?
False
Is 1045515635 a composite number?
True
Is 723997 a prime number?
True
Is 173845481 a composite number?
True
Is 41588711 prime?
True
Is 1998119 a composite number?
False
Is 386521 composite?
False
Is 157158817 a composite number?
True
Is 342009919 a composite number?
False
Is 2140109 prime?
True
Is 2019802 a prime number?
False
Is 4707341 composite?
True
Is 46844281 a composite number?
True
Is 32139091 composite?
False
Is 22093139 a prime number?
True
Is 724110029 a prime number?
False
Is 193639 a prime number?
False
Is 216571 prime?
True
Is 44957879 a prime number?
True
Is 6596719 a prime number?
True
Is 8508469 a prime number?
True
Is 1687987 a composite number?
True
Is 7399363 prime?
False
Is 137497733 a composite number?
True
Is 7006606 composite?
True
Is 136976747 a composite number?
False
Is 39277471 prime?
True
Is 13038043 a prime number?
True
Is 54143477 prime?
True
Is 13123969 a composite number?
False
Is 11756837 a prime number?
False
Is 3524146 a prime number?
False
Is 106383961 a prime number?
True
Is 4031569 a prime number?
False
Is 51253729 a composite number?
True
Is 23593547 a prime number?
True
Is 3955691 composite?
False
Is 4458715 a composite number?
True
Is 67493713 composite?
True
Is 451574267 prime?
True
Is 2450377 a prime number?
True
Is 244933093 composite?
True
Is 658326005 a prime number?
False
Is 1950537 a prime number?
False
Is 2069909 composite?
False
Is 14836737 a prime number?
False
Is 234617029 a composite number?
True
Is 5749049 a prime number?
False
Is 484927 a prime number?
True
Is 34747819 prime?
True
Is 846383 a prime number?
True
Is 40485083 composite?
True
Is 37822283 a composite number?
False
Is 45193349 composite?
False
Is 2204081 prime?
False
Is 3349711 prime?
False
Is 5561299 composite?
False
Is 1155169 a prime number?
True
Is 41010419 composite?
False
Is 4841783 prime?
False
Is 1811867 a prime number?
True
Is 3833573 a prime number?
False
Is 521599 a prime number?
False
Is 209024219 prime?
True
Is 2443663 a prime number?
False
Is 11365441 a composite number?
True
Is 9048121 a prime number?
False
Is 34135691 composite?
False
Is 26450197 composite?
False
Is 60833753 composite?
True
Is 766531 prime?
True
Is 102709483 a composite number?
False
Is 3883907 a prime number?
False
Is 336307513 prime?
False
Is 55221213 a composite number?
True
Is 885970838 composite?
True
Is 96009259 prime?
True
Is 106471891 prime?
True
Is 58669253 a prime number?
False
Is 2908733 composite?
True
Is 77453 a composite number?
True
Is 137961179 prime?
False
Is 11251489 a composite number?
False
Is 3666763 a prime number?
False
Is 2492807 prime?
False
Is 98967829 a composite number?
True
Is 29745431 prime?
False
Is 230501627 composite?
False
Is 64268021 composite?
True
Is 327890177 prime?
True
Is 26776559 a prime number?
False
Is 1295767 a composite number?
True
Is 653665921 prime?
True
Is 714331 a composite number?
True
Is 9754543 a composite number?
True
Is 15350089 a composite number?
True
Is 1277449 a prime number?
True
Is 21853435 a prime number?
False
Is 1442559 a prime number?
False
Is 5364269 a composite number?
False
Is 670667 composite?
True
Is 132103 composite?
False
Is 7636849 a prime number?
False
Is 3007067 prime?
False
Is 803984815 composite?
True
Is 155993 prime?
False
Is 1928221 prime?
False
Is 34732151 composite?
False
Is 880643 a composite number?
True
Is 126661153 prime?
True
Is 1666697 a composite number?
True
Is 29593183 a composite number?
True
Is 13836379 a composite number?
False
Is 3964022 composite?
True
Is 60369919 a composite number?
True
Is 383362379 a composite number?
True
Is 4415269 a composite number?
False
Is 5274697 prime?
False
Is 299946041 a composite number?
False
Is 14601859 composite?
False
Is 4795423 a composite number?
True
Is 706103 prime?
False
Is 7594241 a composite number?
False
Is 11866157 prime?
True
Is 1554770333 a prime number?
True
Is 107563 composite?
False
Is 2725769 prime?
True
Is 28062649 a composite number?
False
Is 7117363 a prime number?
False
Is 1222451 prime?
False
Is 8011249 a composite number?
True
Is 86611 a composite number?
True
Is 150057299 composite?
True
Is 812167 composite?
False
Is 965255 a prime number?
False
Is 199747763 composite?
True
Is 16381217 composite?
True
Is 5347777 composite?
False
Is 10937869 prime?
True
Is 59263979 a composite number?
True
Is 6939337 prime?
True
Is 411397 prime?
False
Is 459592033 a composite number?
False
Is 10415831 composite?
True
Is 8625577 a composite number?
True
Is 448445 prime?
False
Is 3814037 composite?
True
Is 824921 a composite number?
False
Is 1772279 composite?
True
Is 52438769 a prime number?
True
Is 34583609 prime?
False
Is 13176859 a prime number?
False
Is 18756769 composite?
False
Is 798261053 a prime num